v - 2. Let l be g(-2). What is the greatest common factor of l and 8?
4
Let g = 326 - 228. Calculate the greatest common factor of g and 14.
14
Let d(u) = 3*u**2 - 13*u - 24. Let y be d(7). Suppose 5 = 2*z - 5*k - 6, 1 = k. Calculate the highest common divisor of z and y.
8
Let v = -7 - -10. Suppose 0*f - v*f = -102. Calculate the highest common factor of 51 and f.
17
Let n(p) = 4*p**2 - p. Let d be n(-1). Let t(b) = -b**3 + 4*b**2 + 7*b - 1. Let f be t(d). Calculate the highest common factor of f and 3.
3
Suppose -3*v = -388 - 41. Suppose -2*z + z = -1, 68 = 5*x + 3*z. What is the greatest common factor of v and x?
13
Let n = -42 - -102. What is the greatest common factor of n and 45?
15
Suppose -5 + 0 = -t. What is the highest common divisor of t and 35?
5
Let q = -31 + 52. Calculate the greatest common factor of q and 7.
7
Suppose 0 = -4*i + 102 + 154. Let k be -3 - ((-54)/5 - 1/5). Calculate the greatest common factor of i and k.
8
Let w = -63 + 69. Calculate the highest common divisor of w and 2.
2
Suppose 2*x + 27 = 433. Calculate the greatest common factor of 29 and x.
29
Suppose -3*y + 231 = 3*m, 6 - 237 = -3*m - 4*y. What is the greatest common factor of m and 11?
11
Let p = 70 + -37. Calculate the greatest common factor of 11 and p.
11
Suppose -x = -5*d + 7, 2*x + 4*d - 44 = -2*x. What is the highest common factor of x and 32?
8
Let r(t) = t**3 + 10*t**2 - 2*t - 5. Let j be r(-10). Calculate the greatest common divisor of 10 and j.
5
Let l be (1/2)/(3/102). What is the greatest common factor of l and 34?
17
Let f(n) = 35*n**3 + 2*n**2 - 2*n + 1. Let j be f(1). Let v be (39/(-9))/(1/j). Let p be 4/10 + v/(-10). What is the highest common divisor of 24 and p?
8
Let j(f) be the second derivative of -f**3/6 + 7*f**2/2 - f. Let w be j(-6). What is the greatest common factor of w and 52?
13
Let m be (192/(-112))/(1/(-7)). Calculate the highest common divisor of m and 48.
12
Let z be ((-1)/(-1))/((-2)/(-16)). Calculate the highest common factor of z and 24.
8
Let n(m) = 3*m**2 - m + 2. Let i be n(5). Let t = i + -34. What is the highest common divisor of t and 19?
19
Suppose -320 - 96 = -4*s. Suppose 0 = -4*n - 20 + s. Suppose -4*w = 4*h - 3 - 9, -3 = -h - 4*w. Calculate the greatest common factor of h and n.
3
Let o be (39 - 107)*1/2*-1. What is the greatest common factor of o and 102?
34
Suppose -10*q - 25 = -15*q. What is the highest common factor of 15 and q?
5
Suppose 0 = -5*k + 2*o + 960 + 196, -472 = -2*k + 4*o. Calculate the highest common divisor of k and 23.
23
Let g(t) = 14*t - 9. Let f be g(6). What is the greatest common factor of f and 30?
15
Let h(j) = j**2 - 15*j + 17. Let v be h(14). Suppose -v*u + 4*p + 86 = 0, 0*u - 3*u - p = -61. What is the highest common factor of u and 242?
22
Suppose 3 - 5 = -h. Suppose -1 = h*x - 9. Suppose -73 = -x*k - 13. What is the highest common factor of k and 45?
15
Let j = 53 + -38. Calculate the greatest common factor of j and 30.
15
Let i be (-3 + 1)*-70*1. Suppose -3*k + 0*k + 42 = 0. Calculate the greatest common divisor of k and i.
14
Let k be (-5)/((-10)/(-6)) + -1. Let v be -48*((-2)/k - 1). Calculate the highest common factor of 3 and v.
3
Suppose 6*u + 16 = 2*u. Let b be 0/(-6) - (u - 0). Calculate the highest common factor of 2 and b.
2
Let w = 77 + -22. What is the highest common divisor of 5 and w?
5
Let d(a) = -a**3 + 6*a**2 - 2*a. Suppose -4*g + 46 - 2 = -4*h, 2*h + 29 = -5*g. Let p = -8 - h. Let y be d(p). Calculate the highest common divisor of 8 and y.
8
Suppose 0 = -5*p - 10, p - 29 = -4*k + 77. Suppose 2*a + k = 2*u + 5*a, 0 = -2*u + 4*a - 8. Calculate the highest common factor of u and 24.
6
Let k(b) = -16*b + 8. Let n(i) = -24*i + 12. Let v(u) = -8*k(u) + 5*n(u). Let o be v(6). What is the highest common divisor of 11 and o?
11
Let w = -62 + 110. Calculate the highest common factor of 16 and w.
16
Let h(q) = 3*q**2 + 2*q - 1. Let w be h(-5). Calculate the greatest common factor of w and 16.
16
Let a = -35 + 71. Calculate the greatest common divisor of a and 4.
4
Suppose 5*k = -0*k - 20. Let f be k/3*(-3 + 0). Suppose f*p = 3*p + 11. What is the highest common factor of 110 and p?
11
Let k = 705 - 441. Calculate the greatest common factor of k and 33.
33
Let n = -113 - -193. Suppose 4*y = -0*y + n. Suppose -4*m = 5*z + 7 - 59, -28 = -m - 5*z. What is the highest common divisor of m and y?
4
Let y be (-4)/(0 - (3 + -1)). Suppose 3*i - 461 = g, -i + 78 = -y*g - 79. Suppose 17 = o - 0*o. What is the greatest common factor of o and i?
17
Let b(o) = 6 - o**2 - 8*o + 2*o**2 - 3*o**2 + 3*o**2. Let j be b(4). Let u be (-1)/5 + (-642)/j. Calculate the greatest common divisor of 8 and u.
8
Suppose 3*f - 2*l - 52 = -f, -4*f + 52 = 2*l. Calculate the highest common divisor of 13 and f.
13
Let x = -61 + 71. What is the highest common factor of 15 and x?
5
Let a = -13 + 14. What is the highest common factor of 8 and a?
1
Let z = 14 - 1. Let a(y) = -1. Let x(f) = 15*f**2 - 2*f - 4. Let l(u) = -5*a(u) + x(u). Let j be l(-2). What is the greatest common factor of j and z?
13
Let t(k) = -k**3 - 7*k**2 - 7*k + 9. Let a be t(-6). Suppose 0 = 4*g - 31 - 89. Let j = a + g. Calculate the greatest common divisor of j and 5.
5
Let z(a) = 187 - 4*a**2 + 3*a**2 - 54 - a. Let f be z(0). Suppose 4*y - 42 = 34. What is the greatest common divisor of y and f?
19
Let y = -1 - -5. Let o(u) = -u**3 - 10*u**2 - 3*u - 2. Let t be (-112)/11 + 18/99. Let j be o(t). Calculate the greatest common divisor of j and y.
4
Let f be (12/(-9))/((-2)/3). Let i be (-790)/6*(-6)/f. Suppose i - 131 = 3*l. What is the highest common divisor of 8 and l?
8
Let i = -16 - -33. Let q = 50 + 69. What is the highest common factor of q and i?
17
Let b = 17 - 10. Suppose b*l + 10 = 12*l. What is the greatest common factor of l and 2?
2
Let y = 13 + -3. Let s(o) = o**3 - 3*o**2 + 2*o - 1. Let q be s(2). Let p be (-5)/(q*2/4). Calculate the greatest common divisor of p and y.
10
Suppose -170 = -6*n + 28. Calculate the greatest common divisor of n and 165.
33
Let m(p) = p**2 - 4*p + 3. Let u be m(2). Let x be 1/((-1)/u)*56. What is the greatest common factor of 8 and x?
8
Let o(l) = -2*l**2 + 4. Let j be o(-3). Let x = j - -20. Suppose 0 = x*u - 2*u - 12. Calculate the greatest common divisor of u and 2.
1
Let y be 2/7 - 9/7. Let h be ((0/2)/3)/y. Suppose h = -x - 4*x + 15. Calculate the greatest common divisor of x and 21.
3
Suppose s = -2*u + 33, 3*s = -3*u + 5*u + 131. Let q = s - 27. Suppose -q = -3*d + d. What is the highest common factor of 1 and d?
1
Let g(l) = l**3 - 10*l**2 - 8*l + 3. Let w be g(11). What is the greatest common factor of 9 and w?
9
Suppose 0 = -x - x + 18. Let p be (-2 - -26)*x/12. Calculate the highest common factor of p and 126.
18
Suppose 2*r + 2*r - 72 = 0. Calculate the greatest common divisor of 18 and r.
18
Let j = 15 + 27. Let q be (0 - 12) + 4/2. Let h = q + 24. Calculate the greatest common divisor of h and j.
14
Let m be (1 + 0)/(4/300). Calculate the highest common divisor of 15 and m.
15
Let v = 279 + -199. Let f = 143 - v. What is the highest common divisor of f and 9?
9
Let l be (-2)/(-3)*-3 + 1. Let s be 4*l/(-2) + 0. Suppose 0 = -2*v - s*v + 84. Calculate the highest common factor of 147 and v.
21
Suppose 0 = 3*b - 2*y + 516, -176 = b - 0*y - 2*y. Let j be b/(-15)*(-6)/(-4). Suppose 45 = 2*m + 11. What is the highest common divisor of m and j?
17
Let x be (-45)/15 - (1 - 61). Calculate the highest common divisor of 38 and x.
19
Suppose 0*a = 2*a + 5*f - 5, -5*a + f = -53. Calculate the highest common factor of 10 and a.
10
Let l = -68 + 107. What is the highest common factor of 13 and l?
13
Let b be -1 - 1 - (-8 - -2). Suppose 0 = -4*u + 4*k + 44, -u = 3*u + 4*k - b. What is the greatest common factor of u and 24?
6
Let f(v) be the first derivative of -v**3/3 + 9*v**2/2 - v - 8. Let z be f(7). What is the highest common divisor of z and 13?
13
Let v(t) = t**2 + 8*t + 11. Let p be v(-8). Let n be 24/(-9)*(-6)/4. Let a be (4/5)/(n/110). Calculate the highest common divisor of p and a.
11
Let g be ((-1)/(-2))/(2/12). Suppose g*v + 6 = 5*v. What is the highest common divisor of 33 and v?
3
Let s(w) = 10*w - 12. Let x(r) = 9*r**3 + 2*r - 1. Let q be x(1). Let o be s(q). Suppose 2*y - 22 = -0*